site number?
True
Let j(b) = 2*b**3 - 14*b**2 + 18*b + 30. Let p be j(14). Is (-3)/(-4 + p/758) composite?
False
Let w(m) = 7*m - 35. Let x be w(7). Is x*(0 + 1) + (-2 - 1) prime?
True
Suppose -l - w + 2*w - 251 = 0, -2*l - 4*w = 478. Let n = l + 366. Is n prime?
False
Let l(k) = -295*k - 28. Let v be l(-13). Suppose 19822 - v = 5*q. Is q composite?
False
Suppose -2*y + 3*y = -2*v + 170, -5*y - 2*v + 866 = 0. Let o = y - 116. Is o a prime number?
False
Let m(l) = 20*l + 1. Let v(d) = 19*d + 2. Let q(y) = 6*m(y) - 5*v(y). Suppose j + 3*b = -b - 11, 5*j = 2*b + 11. Is q(j) composite?
True
Is ((-280)/(-60))/(2/3273) a prime number?
False
Let p(i) = -8*i**3 + 5*i**2 + 3*i - 4. Let n be p(-3). Is (n - 0) + 1*3 prime?
True
Suppose 2*f - 40 = -0*f. Let n be -4 - (-1601 - (4 + -6)). Suppose -f*z + n = -15*z. Is z a composite number?
True
Let w be -6 + (-7)/14*-20. Let j = -3 + 5. Suppose 0 = j*l + 2*l - 4*a - 48, w*a = -5*l + 15. Is l a composite number?
False
Let u = -9042 - -17823. Is u prime?
False
Suppose 4*q = 2*q + 1640. Is 1/(3 + q/(-275)) prime?
False
Let j be 1*(3 - 1 - -2). Suppose 0*o + 12 = -j*o, o = 5*n - 1058. Is n a prime number?
True
Let h be (-2 - -2 - 0) + 85. Suppose -c = -4*j - h, -5*c - 3*j + 379 = -0*j. Let r = c - 19. Is r prime?
False
Suppose 5*p + 6 - 1 = 0. Let m be (-2 - -4) + p + 1. Let z = m + 17. Is z a composite number?
False
Suppose 4*l = -523 - 1. Let o = 75 - 123. Let t = o - l. Is t prime?
True
Suppose -5*h = a - 13, 12 = -h + 3*h - 3*a. Let x be (3 - 1)*h/2. Suppose 5*j - i + 4*i = 179, -5*i - 121 = -x*j. Is j prime?
True
Suppose 3*i - 1780 + 19 = 0. Let f = 1376 - i. Is f a composite number?
True
Suppose 5*a + 1755 = 5*x, x = -x + 2. Let o = -201 - a. Is o prime?
True
Let x(v) = -v**2 - v + 2. Let z be x(-2). Let a be 3 - (4 + -3) - -383. Suppose -4*s - g + a = 0, -4*g = -2*s - z*g + 170. Is s composite?
True
Let a = -56687 + 130978. Is a prime?
False
Let t be (63/14)/(((-60)/1216)/(-5)). Let b(v) = -v - 7. Let q be b(-7). Suppose 2*p - 7*p + h = -1120, q = -2*p + 2*h + t. Is p composite?
False
Suppose -14*l + 44163 = -51947. Is l a prime number?
False
Let o(m) = 652*m - 63. Is o(5) prime?
False
Is 3/(-13) - 3047524/(-52) composite?
True
Let z = 38 - 45. Let o(l) = 7*l**2 - 9*l - 5. Is o(z) a prime number?
True
Let i be -1059*(-2 - (-16)/6) + -2. Let c = i + 1249. Is c a prime number?
True
Suppose 2*n - 4*n = 5*q + 14, -5*q = 4*n + 8. Suppose -930 = -n*k - 4*p + 1637, 5*k = p + 4263. Is k composite?
False
Let c(w) = -w**3 + 26*w**2 + 41*w - 34. Let u be c(19). Is ((-3)/6)/((-4)/u) a composite number?
False
Let v = 2495 + -1134. Is v composite?
False
Is ((-2159)/4)/(((-36)/(-16))/(-9)) a prime number?
False
Is -6 + -14 + 6 + 21873 composite?
False
Let a(g) = 3*g**2 + 12*g + 8. Let p be 0/(0 - (-1)/1). Suppose b + 9 = -p. Is a(b) a composite number?
True
Let l(m) = 43*m**3 - 6*m**2 - 8*m + 53. Is l(6) prime?
False
Let f = 655 - 314. Let y = f - 139. Is y a composite number?
True
Let s(g) = -8*g**3 + 3*g**2 - 2*g + 2. Suppose 27*a = 22*a - 15. Is s(a) prime?
True
Let n = -33 - -33. Let q be 589 + (n - 0)/3. Let x = q + -282. Is x a composite number?
False
Let j(z) = 0 - 4 - 7*z**2 + 14*z**2 + 5 + 3*z. Is j(-9) prime?
True
Let h = 29784 + -20031. Is h composite?
True
Is 2/(-4)*(-21806 + 0) a prime number?
True
Suppose 4 + 20 = 6*z. Suppose 5*w - 30 = u, z*u = 2*w - 1 - 29. Is 74/1*u/(-10) a composite number?
False
Suppose 2*o + 32 = 178. Let u = o + -36. Is u prime?
True
Let v(m) = 22539*m + 36. Let h be v(-3). Is ((2 - 1) + -4)*h/81 a prime number?
True
Let i(m) = 43*m + 5. Let k(u) = u**3 - 8*u**2 + 6*u + 5. Let z be k(7). Let b be (-1 - 3 - -2)*z. Is i(b) a composite number?
True
Let m be 9/(-6)*2/(-1). Suppose 0 = -m*i + 2 + 115. Is i a prime number?
False
Let t = -41 - -32. Is (t/18)/(1/(-282)) a composite number?
True
Suppose 13*k - 9*k = 2928. Suppose 139 + k = p. Suppose 4*g + 4393 = 5*f, 6*g = -f + 3*g + p. Is f a composite number?
False
Let x = -220 + 377. Is x/((3 - 7) + 5) prime?
True
Suppose 5*c + 10 = 0, 6*u = u + 3*c - 24. Let x(h) = -115*h - 29. Let n be x(-4). Is n/u*2*-3 a prime number?
True
Suppose -26*x + 1402 = -24*x. Is x composite?
False
Let k be (-2)/(-2) - (0 - 0 - 17). Suppose -13*m + k*m = 670. Is m a composite number?
True
Suppose k = 3*k - 2*o + 4, 0 = -4*k + o - 17. Let j(q) = -4*q**3 - q**2 + 5*q - 7. Is j(k) a prime number?
True
Suppose -2155 = -4*x + 3125. Let r = x - 715. Suppose -r = -t - 4*t. Is t composite?
True
Let w(v) = 1049*v**2 - 11*v + 27. Is w(2) a composite number?
False
Suppose 208659 = 4*b - 187625. Is b a composite number?
True
Suppose -8*c = -1834 + 282. Let t = c + 537. Is t a composite number?
True
Let r = 7613 + -4406. Is r prime?
False
Let a(h) = -51*h**2 - 11*h - 5. Let i(q) = -50*q**2 - 10*q - 4. Let r(v) = 5*a(v) - 6*i(v). Is r(4) prime?
True
Let v be (12/9 - 2)*-90. Let l be (-11 + 9)/((-2)/v). Suppose -3*r + 6*f - f = -170, r - l = 5*f. Is r prime?
False
Let d = -1702 + 2567. Is d a prime number?
False
Let d(z) = z**3 + 5*z**2 - 6*z + 4. Suppose n - 5*p + 16 = 0, 4*n - 2*p = -5*p - 18. Let r = n + 0. Is d(r) composite?
True
Suppose -15*b + 10068 = -11*b. Suppose -7*z = -b - 8102. Is z a prime number?
False
Let c(x) = 36*x**2 + 2*x + 37. Let b be c(-5). Suppose v = 4*m + b, -4*v + 2*m + 3603 = 7*m. Is v a prime number?
True
Suppose q = 4*j + 31, 3*q + 2*j + 21 = 4*q. Suppose -5*s - a = -q, a = -3*s - 0*a + 7. Suppose u = -s*u - 2*z + 43, 0 = 3*u - 5*z - 8. Is u prime?
True
Let l(w) be the second derivative of 5*w**4/4 - w**3/3 + 21*w**2/2 + 15*w. Is l(-6) a prime number?
False
Let m(q) = -3*q + 4. Let w be m(3). Let a be w + 2 - (1 - 1). Is a*(-2)/(-3) + 151 composite?
False
Let c be -2 + (0 - (-2 - 0)). Suppose 0 = -3*r - 5*x - 76, c = -x - 2 - 3. Is (336 + r)*(1 - 0) prime?
False
Let b be (0 + 3)/(-3)*-3. Let c be 0*((-10)/4 + b). Suppose c = d - u - 242, -4*u - 721 = -5*d + 2*d. Is d composite?
True
Let g(c) = 1851*c - 60. Is g(3) prime?
False
Let n(t) = 362*t**3 + t**2 - 3*t + 3. Is n(2) composite?
False
Is 2682/2 - 23/(276/24) a prime number?
False
Suppose -28 + 10 = -2*v. Suppose 0 = -4*o + v*o - 4065. Suppose 6*c = o + 81. Is c composite?
False
Let q = -5 + 5. Is 37 - (q/(-1))/(1/(-1)) a composite number?
False
Let n be (5 - -4 - 2)*-1. Let t(h) = 4*h**2 + 8*h - 9. Is t(n) composite?
False
Suppose 2891 = t + 732. Is t prime?
False
Let k be 3 - 0*3/(-9). Suppose 2*u - k = 59. Suppose 11 + u = 3*l. Is l a composite number?
True
Let d = -30881 - -96048. Is d prime?
True
Is ((-177)/(-4))/(5/60*3) composite?
True
Is (-2719188)/(-216) - (-2)/12 a prime number?
True
Let i = -36 - -82. Suppose -i + 4 = 3*z. Is (-1662)/z - 2/(-7) a composite number?
True
Is 9*(-2)/18*-3 + 17968 composite?
False
Let i(p) = 2*p**2 - 3*p + 17. Let c be i(-12). Suppose -5*z = g - 580 - c, 4*g = 4*z + 3636. Is g prime?
True
Let x = 24080 - 13897. Is x a composite number?
True
Let m(i) = i**3 + i**2 - 5*i - 4. Let f be m(-3). Let n(a) = -a - 13. Let b be n(f). Is b/(-33) + 458/22 a prime number?
False
Let s = 46 + -21. Suppose 11*t - 6*t + s = 0. Is (-446)/t + (-9)/45 composite?
False
Let q be 47/(-2 + 15/6). Let s = 11 + -38. Let m = s + q. Is m a composite number?
False
Let n(y) = y + 4. Let d(h) = -h - 3. Let x(z) = -6*d(z) - 5*n(z). Let a be x(6). Let p(o) = 17*o**2 + 5*o + 3. Is p(a) a prime number?
False
Suppose -284 = 55*b - 1230139. Is b a composite number?
True
Let j(y) = 183*y + 42. Let t be j(8). Suppose -t = h - 5267. Is h composite?
False
Let n = -89 + -134. Suppose 0 = -2*q + 1 - 149. Let i = q - n. Is i composite?
False
Let k = 27060 + -18311. Is k a prime number?
False
Let w(q) = -59*q + 143. Is w(-12) a composite number?
True
Let s = 27361 + 13288. Is s a prime number?
False
Let g(a) = a**2 + 9*a + 6. Let h be g(-9). Let z(o) = -4*o + 5*o - 20 + h + 5*o. Is z(6) a prime number?
False
Let f = 1038 + -775. Is f composite?
False
Suppose 9*q - 4*q - 263861 = -2*f, -f - q + 131932 = 0. Is f a composite number?
False
Let p(z) = -3*z**3 + 10*z**2 + 12*z + 24. Is p(-7) a composite number?
False
Suppose 0 = 40*n - 38*n - 7682. Is n a composite number?
True
Let d = -468 - -145. Let w = d + 814. Is w composite?
False
Let c(v) = -v**2 - 7*v - 5. Let z be c(-5). Let r(n) be the 